{"id":4,"date":"2014-03-15T10:40:15","date_gmt":"2014-03-15T08:40:15","guid":{"rendered":"http:\/\/www.biohof-paulitsch.at\/?page_id=4"},"modified":"2026-03-05T12:30:21","modified_gmt":"2026-03-05T10:30:21","slug":"ueber-uns","status":"publish","type":"page","link":"http:\/\/www.biohof-paulitsch.at\/?page_id=4","title":{"rendered":"\u00dcber uns"},"content":{"rendered":"<p><strong>Herzlich Willkommen im Lavanttal am Fu\u00dfe der Koralpe<\/strong><\/p>\n<p><a href=\"http:\/\/www.biohof-paulitsch.at\/wp-content\/uploads\/2014\/03\/Titel_01a.jpg\"><img loading=\"lazy\" decoding=\"async\" class=\"alignleft wp-image-989 \" src=\"http:\/\/www.biohof-paulitsch.at\/wp-content\/uploads\/2024\/07\/cropped-klein-hof.jpg\" alt=\"\" width=\"313\" height=\"201\" \/><\/a>Unser Erbhof ist seit \u00fcber 240 Jahren in Familienbesitz. Seit dem Jahre 2003 bewirtschaften wir, Doris und Gerhard Paulitsch, unseren Betrieb organisch biologisch. Unsere Betriebszweige sind Mutterkuhhaltung, Forstwirtschaft und Obstverarbeitungsprodukte aus Streuobstanlagen und Kulturen.<\/p>\n<div id=\"attachment_362\" style=\"width: 211px\" class=\"wp-caption alignleft\"><a href=\"http:\/\/www.biohof-paulitsch.at\/wp-content\/uploads\/2016\/12\/Doris_Gerhard_Pr\u00e4mierung_mittel.jpg\"><img loading=\"lazy\" decoding=\"async\" aria-describedby=\"caption-attachment-362\" class=\"wp-image-362 size-medium\" src=\"http:\/\/www.biohof-paulitsch.at\/wp-content\/uploads\/2016\/12\/Doris_Gerhard_Pr\u00e4mierung_mittel-201x300.jpg\" alt=\"Marmeladenpr\u00e4mierung 2016\" width=\"201\" height=\"300\" srcset=\"http:\/\/www.biohof-paulitsch.at\/wp-content\/uploads\/2016\/12\/Doris_Gerhard_Pr\u00e4mierung_mittel-201x300.jpg 201w, http:\/\/www.biohof-paulitsch.at\/wp-content\/uploads\/2016\/12\/Doris_Gerhard_Pr\u00e4mierung_mittel.jpg 686w\" sizes=\"(max-width: 201px) 100vw, 201px\" \/><\/a><p id=\"caption-attachment-362\" class=\"wp-caption-text\">Doris und Gerhard Paulitsch (Bildrechte: ARGE.DV\/Kampitsch)<\/p><\/div>\n<p>Es ist uns ein Anliegen unser eigenes Obst und Gem\u00fcse nachhaltig und qualitativ hochwertig zu produzieren, dies alles unter der Kontrolle der Austria Biogarantie. Au\u00dferdem ist es uns wichtig, die Kulturlandschaft bzw. die biologische b\u00e4uerliche Landwirtschaft zu erhalten.<\/p>\n<p style=\"text-align: left;\"><span style=\"font-size: revert;\"><img loading=\"lazy\" decoding=\"async\" class=\"wp-image-1071 alignright\" src=\"http:\/\/www.biohof-paulitsch.at\/wp-content\/uploads\/2025\/03\/IMG-20221029-WA0002-e1741456270410.jpg\" alt=\"\" width=\"186\" height=\"317\" \/><\/span><\/p>\n<p style=\"text-align: left;\"><span style=\"font-size: revert;\">Die F\u00f6rderung der \u00f6kologischen Vielfalt ist f\u00fcr uns von gro\u00dfer Bedeutung. Daher sind wir stolz, dass Gerhard unter 22 nominierten Betrieben zu einem von f\u00fcnf Biodiversit\u00e4tsbotschaftern 2022 ausgew\u00e4hlt wurde. Unter unseren <\/span><a style=\"font-size: revert;\" href=\"http:\/\/www.biohof-paulitsch.at\/?page_id=389\">Videobeitr\u00e4gen<\/a><span style=\"font-size: revert;\"> gew\u00e4hren wir einen Einblick in unsere Arbeitsweise und Philosophie.<\/span><\/p>\n\n\n<iframe src=\"https:\/\/www.google.com\/maps\/embed?pb=!1m18!1m12!1m3!1d2730.6577983981333!2d14.878703274949006!3d46.81104634257704!2m3!1f0!2f0!3f0!3m2!1i1024!2i768!4f13.1!3m3!1m2!1s0x476fdfa77b1016ad%3A0x8dbe7bcfd5194eb5!2sBiohof%20Paulitsch!5e0!3m2!1sde!2sat!4v1739289823268!5m2!1sde!2sat\" width=\"600\" height=\"450\" style=\"border:0;\" allowfullscreen=\"\" loading=\"lazy\" referrerpolicy=\"no-referrer-when-downgrade\"><\/iframe>\n","protected":false},"excerpt":{"rendered":"<p>Herzlich Willkommen im Lavanttal am Fu\u00dfe der Koralpe Unser Erbhof ist seit \u00fcber 240 Jahren in Familienbesitz. Seit dem Jahre 2003 bewirtschaften wir, Doris und Gerhard Paulitsch, unseren Betrieb organisch biologisch. Unsere Betriebszweige sind Mutterkuhhaltung, Forstwirtschaft und Obstverarbeitungsprodukte aus Streuobstanlagen &hellip; <a href=\"http:\/\/www.biohof-paulitsch.at\/?page_id=4\">Weiterlesen <span class=\"meta-nav\">&rarr;<\/span><\/a><\/p>\n","protected":false},"author":1,"featured_media":0,"parent":0,"menu_order":0,"comment_status":"closed","ping_status":"closed","template":"","meta":{"footnotes":""},"_links":{"self":[{"href":"http:\/\/www.biohof-paulitsch.at\/index.php?rest_route=\/wp\/v2\/pages\/4"}],"collection":[{"href":"http:\/\/www.biohof-paulitsch.at\/index.php?rest_route=\/wp\/v2\/pages"}],"about":[{"href":"http:\/\/www.biohof-paulitsch.at\/index.php?rest_route=\/wp\/v2\/types\/page"}],"author":[{"embeddable":true,"href":"http:\/\/www.biohof-paulitsch.at\/index.php?rest_route=\/wp\/v2\/users\/1"}],"replies":[{"embeddable":true,"href":"http:\/\/www.biohof-paulitsch.at\/index.php?rest_route=%2Fwp%2Fv2%2Fcomments&post=4"}],"version-history":[{"count":19,"href":"http:\/\/www.biohof-paulitsch.at\/index.php?rest_route=\/wp\/v2\/pages\/4\/revisions"}],"predecessor-version":[{"id":1108,"href":"http:\/\/www.biohof-paulitsch.at\/index.php?rest_route=\/wp\/v2\/pages\/4\/revisions\/1108"}],"wp:attachment":[{"href":"http:\/\/www.biohof-paulitsch.at\/index.php?rest_route=%2Fwp%2Fv2%2Fmedia&parent=4"}],"curies":[{"name":"wp","href":"https:\/\/api.w.org\/{rel}","templated":true}]}}

Über uns

<p><strong>Herzlich Willkommen im Lavanttal am Fuße der Koralpe</strong></p>
<p><a href="http://www.biohof-paulitsch.at/wp-content/uploads/2014/03/Titel_01a.jpg"><img loading="lazy" decoding="async" class="alignleft wp-image-989 " src="http://www.biohof-paulitsch.at/wp-content/uploads/2024/07/cropped-klein-hof.jpg" alt="" width="313" height="201" /></a>Unser Erbhof ist seit über 240 Jahren in Familienbesitz. Seit dem Jahre 2003 bewirtschaften wir, Doris und Gerhard Paulitsch, unseren Betrieb organisch biologisch. Unsere Betriebszweige sind Mutterkuhhaltung, Forstwirtschaft und Obstverarbeitungsprodukte aus Streuobstanlagen und Kulturen.</p>
<div id="attachment_362" style="width: 211px" class="wp-caption alignleft"><a href="http://www.biohof-paulitsch.at/wp-content/uploads/2016/12/Doris_Gerhard_Prämierung_mittel.jpg"><img loading="lazy" decoding="async" aria-describedby="caption-attachment-362" class="wp-image-362 size-medium" src="http://www.biohof-paulitsch.at/wp-content/uploads/2016/12/Doris_Gerhard_Prämierung_mittel-201x300.jpg" alt="Marmeladenprämierung 2016" width="201" height="300" srcset="http://www.biohof-paulitsch.at/wp-content/uploads/2016/12/Doris_Gerhard_Prämierung_mittel-201x300.jpg 201w, http://www.biohof-paulitsch.at/wp-content/uploads/2016/12/Doris_Gerhard_Prämierung_mittel.jpg 686w" sizes="(max-width: 201px) 100vw, 201px" /></a><p id="caption-attachment-362" class="wp-caption-text">Doris und Gerhard Paulitsch (Bildrechte: ARGE.DV/Kampitsch)</p></div>
<p>Es ist uns ein Anliegen unser eigenes Obst und Gemüse nachhaltig und qualitativ hochwertig zu produzieren, dies alles unter der Kontrolle der Austria Biogarantie. Außerdem ist es uns wichtig, die Kulturlandschaft bzw. die biologische bäuerliche Landwirtschaft zu erhalten.</p>
<p style="text-align: left;"><span style="font-size: revert;"><img loading="lazy" decoding="async" class="wp-image-1071 alignright" src="http://www.biohof-paulitsch.at/wp-content/uploads/2025/03/IMG-20221029-WA0002-e1741456270410.jpg" alt="" width="186" height="317" /></span></p>
<p style="text-align: left;"><span style="font-size: revert;">Die Förderung der ökologischen Vielfalt ist für uns von großer Bedeutung. Daher sind wir stolz, dass Gerhard unter 22 nominierten Betrieben zu einem von fünf Biodiversitätsbotschaftern 2022 ausgewählt wurde. Unter unseren </span><a style="font-size: revert;" href="http://www.biohof-paulitsch.at/?page_id=389">Videobeiträgen</a><span style="font-size: revert;"> gewähren wir einen Einblick in unsere Arbeitsweise und Philosophie.</span></p>


<iframe src="https://www.google.com/maps/embed?pb=!1m18!1m12!1m3!1d2730.6577983981333!2d14.878703274949006!3d46.81104634257704!2m3!1f0!2f0!3f0!3m2!1i1024!2i768!4f13.1!3m3!1m2!1s0x476fdfa77b1016ad%3A0x8dbe7bcfd5194eb5!2sBiohof%20Paulitsch!5e0!3m2!1sde!2sat!4v1739289823268!5m2!1sde!2sat" width="600" height="450" style="border:0;" allowfullscreen="" loading="lazy" referrerpolicy="no-referrer-when-downgrade"></iframe>

<p>Herzlich Willkommen im Lavanttal am Fuße der Koralpe Unser Erbhof ist seit über 240 Jahren in Familienbesitz. Seit dem Jahre 2003 bewirtschaften wir, Doris und Gerhard Paulitsch, unseren Betrieb organisch biologisch. Unsere Betriebszweige sind Mutterkuhhaltung, Forstwirtschaft und Obstverarbeitungsprodukte aus Streuobstanlagen &hellip; <a href="http://www.biohof-paulitsch.at/?page_id=4">Weiterlesen <span class="meta-nav">&rarr;</span></a></p>
